it of 1866899?
8
What is the thousands digit of 21573016?
3
What is the tens digit of 4140211?
1
What is the hundreds digit of 1615632?
6
What is the hundred thousands digit of 114945?
1
What is the thousands digit of 27264?
7
What is the ten thousands digit of 20688220?
8
What is the tens digit of 2295633?
3
What is the thousands digit of 5647243?
7
What is the hundred thousands digit of 434586?
4
What is the thousands digit of 2168643?
8
What is the tens digit of 426504?
0
What is the units digit of 1734972?
2
What is the hundreds digit of 16069179?
1
What is the millions digit of 11227239?
1
What is the hundred thousands digit of 4094556?
0
What is the ten thousands digit of 112360?
1
What is the units digit of 278277?
7
What is the units digit of 11432465?
5
What is the millions digit of 6657905?
6
What is the units digit of 9219?
9
What is the tens digit of 98687?
8
What is the hundreds digit of 13277452?
4
What is the thousands digit of 2758551?
8
What is the thousands digit of 140326?
0
What is the ten thousands digit of 83119?
8
What is the hundred thousands digit of 416322?
4
What is the units digit of 510025?
5
What is the hundreds digit of 366915?
9
What is the thousands digit of 6102949?
2
What is the hundreds digit of 1042760?
7
What is the millions digit of 1131732?
1
What is the units digit of 3566780?
0
What is the hundred thousands digit of 15821481?
8
What is the thousands digit of 4155786?
5
What is the thousands digit of 143735?
3
What is the units digit of 7839482?
2
What is the units digit of 376632?
2
What is the thousands digit of 828387?
8
What is the hundred thousands digit of 254423?
2
What is the tens digit of 17346?
4
What is the thousands digit of 305459?
5
What is the hundred thousands digit of 587795?
5
What is the hundreds digit of 39204920?
9
What is the hundred thousands digit of 416053?
4
What is the tens digit of 12142671?
7
What is the hundred thousands digit of 1221270?
2
What is the tens digit of 750585?
8
What is the thousands digit of 537464?
7
What is the ten thousands digit of 1834645?
3
What is the hundred thousands digit of 380109?
3
What is the millions digit of 1562866?
1
What is the ten thousands digit of 7465543?
6
What is the ten thousands digit of 3857877?
5
What is the ten thousands digit of 15237424?
3
What is the thousands digit of 911361?
1
What is the ten thousands digit of 580291?
8
What is the hundreds digit of 11650357?
3
What is the thousands digit of 580713?
0
What is the thousands digit of 442709?
2
What is the units digit of 354368?
8
What is the units digit of 286173?
3
What is the hundred thousands digit of 110971?
1
What is the hundred thousands digit of 1031170?
0
What is the hundred thousands digit of 22034895?
0
What is the hundred thousands digit of 476076?
4
What is the hundreds digit of 15036871?
8
What is the tens digit of 26877807?
0
What is the ten thousands digit of 21815918?
1
What is the hundreds digit of 62567?
5
What is the units digit of 573765?
5
What is the millions digit of 7593192?
7
What is the hundreds digit of 128871?
8
What is the millions digit of 9917497?
9
What is the hundred thousands digit of 1003070?
0
What is the units digit of 5480296?
6
What is the tens digit of 320088?
8
What is the hundred thousands digit of 27133648?
1
What is the hundred thousands digit of 19163558?
1
What is the units digit of 3805434?
4
What is the units digit of 419787?
7
What is the ten thousands digit of 6762886?
6
What is the millions digit of 2592611?
2
What is the hundreds digit of 26383576?
5
What is the units digit of 2554583?
3
What is the ten thousands digit of 13823382?
2
What is the ten thousands digit of 13624018?
2
What is the hundred thousands digit of 11192442?
1
What is the thousands digit of 240417?
0
What is the ten thousands digit of 222622?
2
What is the hundreds digit of 6003622?
6
What is the ten thousands digit of 597500?
9
What is the units digit of 549612?
2
What is the units digit of 144949?
9
What is the ten thousands digit of 543340?
4
What is the thousands digit of 185281?
5
What is the hundreds digit of 811509?
5
What is the hundred thousands digit of 173650?
1
What is the thousands digit of 5202658?
2
What is the ten thousands digit of 1040634?
4
What is the tens digit of 129216?
1
What is the ten thousands digit of 32409672?
0
What is the hundred thousands digit of 4147744?
1
What is the units digit of 630881?
1
What is the thousands digit of 161331?
1
What is the ten thousands digit of 9603900?
0
What is the hundred thousands digit of 11202637?
2
What is the tens digit of 532749?
4
What is the hundreds digit of 143693?
6
What is the ten thousands digit of 1871594?
7
What is the units digit of 210297?
7
What is the units digit of 20269?
9
What is the hundreds digit of 478739?
7
What is the millions digit of 14792345?
4
What is the thousands digit of 2483546?
3
What is the hundreds digit of 28101?
1
What is the hundred thousands digit of 206463?
2
What is the millions digit of 1338808?
1
What is the thousands digit of 484066?
4
What is the millions digit of 12708717?
2
What is the tens digit of 11787273?
7
What is the hundred thousands digit of 1650821?
6
What is the ten thousands digit of 10847432?
4
What is the ten thousands digit of 51688?
5
What is the units digit of 2189091?
1
What is the units digit of 476071?
1
What is the units digit of 84033?
3
What is the hundred thousands digit of 1223995?
2
What is the ten thousands digit of 8823306?
2
What is the tens digit of 314882?
8
What is the hundreds digit of 580736?
7
What is the units digit of 7554796?
6
What is the ten thousands digit of 644289?
4
What is the ten thousands digit of 102505?
0
What is the tens digit of 105349?
4
What is the thousands digit of 2425495?
5
What is the units digit of 212134?
4
What is the thousands digit of 23604113?
4
What is the thousands digit of 45904?
5
What is the hundreds digit of 4761293?
2
What is the ten thousands digit of 18497624?
9
What is the units digit of 7790778?
8
What is the hundred thousands digit of 2273535?
2
What is the tens digit of 5982540?
4
What is the hundreds digit of 371972?
9
What is the thousands digit of 106638?
6
What is the hundreds digit of 720107?
1
What is the tens digit of 733303?
0
What is the tens digit of 486797?
9
What is the hundreds digit of 272006?
0
What is the hundred thousands digit of 213101?
2
What is the hundred thousands digit of 205778?
2
What is the hundreds digit of 19411?
4
What is the units digit of 1537746?
6
What is the millions digit of 7603196?
7
What is the tens digit of 23640301?
0
What is the units digit of 4468915?
5
What is the hundreds digit of 1406671?
6
What is the thousands digit of 14133119?
3
What is the tens digit of 2621896?
9
What is the hundred thousands digit of 255349?
2
What is the units digit of 277263?
3
What is the hundred thousands digit of 327154?
3
What is the tens digit of 2958962?
6
What is the tens digit of 1086710?
1
What is the millions digit of 9417083?
9
What is the hundred thousands digit of 32292596?
2
What is the units digit of 277693?
3
What is the units digit of 152862?
2
What is the ten thousands digit of 613357?
1
What is the millions digit of 1114735?
1
What is the tens digit of 211284?
8
What is the units digit of 11782426?
6
What is the units digit of 24392873?
3
What is the thousands digit of 337849?
7
What is the thousands digit of 462727?
2
What is the hundreds digit of 2017222?
2
What is the ten thousands digit of 14333?
1
What is the hundred thousands digit of 17516247?
5
What is the millions digit of 28627523?
8
What is the hundred thousands digit of 126104?
1
What is the ten thousands digit of 1813381?
1
What is the millions digit of 1799714?
1
What is the millions digit of 2995281?
2
What is the tens digit of 48007?
0
What is the hundred thousands digit of 2065705?
0
What is the hundreds digit of 219970?
9
What is the ten thousands digit of 95350?
9
What is the hundreds digit of 752065?
0
What is the tens digit of 4440979?
7
What is the ten thousands digit of 13002462?
0
What is the ten thousands digit of 56188?
5
What is the tens digit of 921010?
1
What is the hundreds digit of 1746934?
9
What is the ten thousands digit of 2148139?
4
What is th